2*b - 43. Let f be ((-24)/(-36))/((-4)/15)*2. What is the units digit of r(f)?
7
Suppose 28 = 7*h - 77. Suppose -6*d + 3*d + 4*f = -h, -f = 3. Let q(n) = 25*n**2 - 6*n + 5. What is the tens digit of q(d)?
2
Let k(x) be the second derivative of x**3/2 - 51*x**2/2 - 20*x. Let r be k(-25). What is the hundreds digit of (-14040)/r - ((-20)/(-14) - 1)?
1
Let g be 298/(-42) - 32/(-336). What is the hundreds digit of (-48)/112 + (7908/g)/(-4)?
2
Suppose 4*k + 3*a = -2946 + 983, 5*k = -5*a - 2455. What is the tens digit of 4 - ((-1 - 3) + k)?
9
Suppose 7*k - 5*k = 4*t - 78, -2 = -2*k. Suppose x - 2*s - 199 = 0, s + 3*s - t = 0. What is the hundreds digit of x?
2
Suppose -5*d + 56442 = 2*j, -14*j + 12*j - 8 = 0. What is the units digit of d?
0
Let w(t) = 17*t**3 - 2*t**2 - 4*t - 9. Let q be w(5). Suppose 19*i = 25*i - q. Let m = -236 + i. What is the units digit of m?
5
Let d be (52/(-28) - -1)*182. Let g = d - -35. Let t = -37 - g. What is the tens digit of t?
8
Let q be (-1 - 2163)/(91 - 89). Let y = -638 - q. What is the units digit of y?
4
Suppose -8*s + 5*s - 25022 = -b, 4*b - 11*s = 100090. What is the units digit of b?
8
Suppose w - 224*p = -225*p + 2952, -4*w + 5*p = -11817. What is the thousands digit of w?
2
Let d = -293 + 30219. What is the tens digit of d?
2
Let f = 8078 + -2655. What is the hundreds digit of f?
4
Let w(h) = -16*h + 23*h**2 + 13 - 18*h**2 + 0*h. What is the hundreds digit of w(11)?
4
Let b be -87 + 3 + -4 + 0. Let r be b/(9/((-36)/8)). Suppose 6*o + r = 428. What is the tens digit of o?
6
Suppose 17*r - 37 = 201. What is the tens digit of (169 + 11)*(r/(-8) + 4)?
0
Suppose -2*p + 211 + 3025 = -3*u, 5*u + 3232 = 2*p. What is the units digit of p?
1
Let s = -147 - -149. Suppose -5*r + 400 = -3*r - s*h, r + 4*h = 205. What is the hundreds digit of r?
2
Suppose 13*l + 9614 - 14146 = 14890. What is the tens digit of l?
9
Let c(g) = -g**3 - 6*g**2 + 2*g - 1. Let x be c(-6). Let i be (-2)/(-3)*39/x. What is the units digit of (78/52)/(i/(-28))?
1
Let m be 3/((-18)/(-76)) + 22/(-33). Let f be 10/27*6 + m/(-54). What is the units digit of f/(-5) - 335/(-25)?
3
Let m(w) = 2*w**3 - 5*w**2 - 7*w + 17. Let b(i) = i**3 - 4*i**2 - 7*i + 17. Let x(z) = -3*b(z) + 2*m(z). What is the hundreds digit of x(4)?
1
Let z(m) = -2*m - 16. Let v be z(-13). Let b be -41*((-35)/v - 6/(-4)). Let h = b + -41. What is the tens digit of h?
4
Let n(a) be the second derivative of -a**4/12 - 17*a**3/3 - 15*a**2 + 7*a - 4. What is the tens digit of n(-25)?
9
Let z(b) = -2*b**3 - 19*b**2 - 12*b - 22. Let j be z(-9). Suppose 0 = 4*k + 2*f - 426, j*k + 3*f - 864 + 330 = 0. What is the tens digit of k?
0
Let y(z) = 6*z + 26. Let a be y(-5). What is the units digit of (-204)/459*558/a?
2
Let z(m) = -14*m + 44. Let r be z(3). What is the hundreds digit of 3/((-21)/(-1862)) - r?
2
Suppose 11*t + 102902 = r + 38425, -2*r = t - 129046. What is the ten thousands digit of r?
6
Let c(o) = -6*o**3 - 22*o**2 - 50*o + 140. What is the ten thousands digit of c(-13)?
1
What is the thousands digit of (-532)/21*6*786/(-24)?
4
Let z be 187 - (-8)/16*-8. Let t = z + 261. What is the units digit of t?
4
Let t(s) = 2*s + 254. Let q be t(8). Let d = -3 + 5. Suppose -q = -d*x + 6. What is the units digit of x?
8
Suppose -4*p + 29 = 9, 68 = 2*f + 4*p. Let g be 4/f - (-39)/(-18). Let w(d) = 21*d**2 + 4*d - 2. What is the units digit of w(g)?
4
What is the hundreds digit of (-3833491)/(-62) - (-13)/26?
8
Let x be (73/(-3))/(1/(-3)). Let a(g) = 2*g**3 - 85*g**2 + 121*g - 9. Let j be a(41). Let b = x - j. What is the tens digit of b?
6
Let s(y) = -3*y**3 - 5*y**2 + 55*y + 14. Let a be s(6). Let o = 726 + a. What is the tens digit of o?
4
Suppose 3*t - t + 1516 = 5*h, -4*h + t + 1211 = 0. Suppose 0 = -2*n - n - 15, 2*n + h = 2*d. Suppose 601 + d = 9*k. What is the tens digit of k?
8
Let m be (-2)/(-1 - 76/(-84)). Let c = m - 19. Suppose -c*i = 2*i - 28. What is the units digit of i?
7
Let a(b) = 843*b - 32. Let m be a(6). Suppose -20*g + 13*g + m = 0. What is the units digit of g?
8
What is the units digit of (5 + 85)/(2/19 - 896/8645)?
5
Suppose -9*n + 3*n = -6. Let d be n/((18/(-4))/(-9)). Suppose 0*b = d*b - 98. What is the units digit of b?
9
Let j(p) = 81*p - 38. Let f(b) = 27*b - 13. Let v(h) = 17*f(h) - 6*j(h). Let c(w) = w + 1. Let q(a) = 2*c(a) + v(a). What is the tens digit of q(-6)?
5
Let k(m) = -14 - 12 - m + 36 + 9*m**2. What is the hundreds digit of k(5)?
2
Suppose 2*d = -l + 4223 - 177, -2*l - 6076 = -3*d. Let o = d + -1443. What is the units digit of o?
1
Suppose -4*r = 2*o - 13792, -4655 = -3*r + 5*o + 5715. What is the hundreds digit of r?
4
Suppose -4*f = 11 + 5. Let r = -24 - f. Let a = r + 67. What is the tens digit of a?
4
Let g be (-5)/(-15)*-15 + -13. What is the hundreds digit of 12/(-54) + (-3964)/g?
2
Let p(d) = 24*d**2 + 45*d - 150. Let b(x) = 5*x**2 + 9*x - 30. Let h(i) = 11*b(i) - 2*p(i). Let f be h(5). Let z = f - -23. What is the tens digit of z?
1
Suppose 3*c + 0 = -2*f - 15, 17 = -2*f - 5*c. Let k be -2*((-70)/(-30))/((-4)/f). Let p(v) = v**3 + 12*v**2 + 14*v + 10. What is the tens digit of p(k)?
5
Let u(v) = v**2 + 45. Let m be u(13). Let g = m + 203. What is the hundreds digit of g?
4
Let v = 11741 - -2692. What is the units digit of v?
3
What is the ten thousands digit of (16/(-80))/((-15)/2009025)?
2
Let x(q) = q - 11. Let j be x(7). Let b be (2 - 0) + (j - 2)/2. Let g(a) = -126*a - 13. What is the units digit of g(b)?
3
Let l(t) = 1592*t + 946. What is the tens digit of l(5)?
0
Suppose -8*t - 3*t = -334801 - 294421. What is the hundreds digit of t?
2
Let u(z) = 11*z**3 + 3*z**2 - z - 11. Let b(f) = 8*f - 212. Let j be b(27). What is the hundreds digit of u(j)?
7
Let z = 121 + -113. Suppose -z*j = -21 - 19. Suppose n + 3*r - 111 - 44 = 0, j*r = -3*n + 449. What is the units digit of n?
3
Suppose -3*v + 13*v - 26140 = -0*v. What is the tens digit of v?
1
Suppose b + 3*y = -8, 2*y = 6*b - 2*b + 60. Let n(i) = -i**3 - 13*i**2 + 19. What is the hundreds digit of n(b)?
2
Let t(j) = -20*j**3 + 14*j**2 + 138*j - 59. What is the tens digit of t(-7)?
2
Suppose 14*b - 30090 - 5862 = 0. Suppose 0 = -6*o + 570 + b. What is the tens digit of o?
2
Let j(t) = t**2 - 9*t - 131. Let u be j(-8). Suppose 2*r = -3*l + 1928, u*l + 3*r = 3078 + 136. What is the units digit of l?
4
Suppose 0 = -0*u - 5*u. Suppose 5*p + 2*y - 73 = u, 5 = -0*p + p - 2*y. What is the tens digit of (2 - 1)/(p/143)?
1
Let l = 317 + 419. Suppose 5*y - 920 = -5*u, 3*y - 7*y + l = u. What is the hundreds digit of y?
1
Suppose 5*r - 21 + 1 = 0. Suppose 0 = r*c + 2 - 14. Suppose 35 = c*s - 22. What is the units digit of s?
9
Let b(y) = 5*y**2 - 3. Let a be b(2). Suppose 12*o - 19 = a. What is the tens digit of o/(-12) - (1 + 130/(-8))?
1
What is the tens digit of 14100146/492 - ((-20)/(-24) + 0)?
5
Let o be 2/12 + (-1)/6. Suppose o*q + 5*q + 5 = 0. What is the tens digit of 26/(1/(q - -2))?
2
Let s(t) = 89*t**2 - 21*t - 230. What is the units digit of s(-6)?
0
Let t = -965 + 621. What is the tens digit of 0/(-1) - (t - 3)?
4
Let s = 63 - 61. Suppose 0 = 2*v + s*i - 96, 4*v + 2*i - 140 = v. What is the tens digit of v?
4
Let z(q) = -16648*q**3 - 2*q**2 + 19*q + 19. What is the ten thousands digit of z(-1)?
1
Let x = -294 - -285. Let j(n) = n**2 + 4 - n - 3 + 7. What is the units digit of j(x)?
8
Let d be (-1 + 2)*-1 + (0 - -8). Let h be (2*9)/((-7)/(0 - d)). What is the tens digit of (-1 - (-102)/9)/(2/h)?
9
Suppose -2*y + 3*k = -4858, 7*k + 7289 = 3*y + 3*k. What is the thousands digit of y?
2
Suppose 4*u = 4*s - 336 - 592, 4*s = u + 916. Suppose 481 = o - s. What is the units digit of o?
9
Let d = 3262 + -2197. What is the units digit of d?
5
Let q be 2/3*(12 + (-9153)/18). Let d = 1645 + q. What is the hundreds digit of d?
3
Suppose -1 = 5*f + 269. Let u be f/(-10) + 2/(-5). Suppose -u*z + c - 14 = -6*z, 0 = 5*c. What is the tens digit of z?
1
Suppose 3504 = 3*v - 3*s, -4*v - 3*s + 2346 = -2*v. What is the hundreds digit of v?
1
What is the thousands digit of (-33)/2*-5*(-4580)/(-30)?
2
Let o = -230 + 118. Let a = o + 103. What is the units digit of 52/(((-48)/a)/8)?
8
Suppose -x = -3*r - 67, -4*x = 2*r - 3*r - 279. Suppose 4*g = 2*y - 12, -y + 2*g = 4*y - x. Suppose 0 = -y*o + 18*o - 318. What 